(2)?
-6
Let o(q) = -q**2 - 6*q + 1. Calculate o(-5).
6
Let u(k) = -k**2 + 3*k + 10. Calculate u(5).
0
Let t(m) = -m**2 - 6*m + 3. Determine t(-4).
11
Let t(k) = 6*k - 25. Determine t(5).
5
Let v(x) = -x + 36. What is v(38)?
-2
Let b(i) = -i**3 + 9*i**2 + 9*i + 15. Give b(10).
5
Let j(d) = -d**3 - 7*d**2 - 8*d + 11. Determine j(-5).
1
Let o(x) = -2*x**3 + x. Calculate o(-1).
1
Let q(u) = u + 2. Calculate q(-4).
-2
Let j(p) = -2*p**3 + 19*p**2 - 8*p - 10. Calculate j(9).
-1
Let f(q) = -q**2 - 7*q - 2. What is f(-8)?
-10
Let d(w) = -w**3 - 21*w**2 - 77*w + 59. Determine d(-16).
11
Let t(s) = -s**3 + 6*s**2 + 9*s - 5. What is t(7)?
9
Let i(z) = 2*z + 12. Calculate i(-12).
-12
Let p(w) = w + 22. Calculate p(-39).
-17
Let j(p) = -p**2 + 4*p - 1. What is j(2)?
3
Let k(b) = b**3 + 48*b**2 + 45*b - 100. What is k(-47)?
-6
Let z(f) = -f - 3. Determine z(14).
-17
Let y(h) = h**3 + h + 20. What is y(0)?
20
Let h(r) = r**3 - 21*r**2 + 36*r + 35. What is h(19)?
-3
Let v(z) = -z**2 + 6*z - 13. Determine v(5).
-8
Let m(g) = g**2 + 9*g - 10. Determine m(-10).
0
Let y(k) = -2*k**2 - 15*k - 23. Give y(-12).
-131
Let j(w) = w**2 - 8*w - 23. Determine j(10).
-3
Let h(g) = 3*g**2 - 10*g - 36. Calculate h(6).
12
Let c(a) = a**3 - 17*a**2 - 19*a + 24. What is c(18)?
6
Let k(d) = -12*d - 43. Give k(-6).
29
Let c(r) = -r**3 + 6*r**2 + r - 7. Determine c(6).
-1
Let k(z) = 27*z. Calculate k(1).
27
Let a(g) = 22*g + 7. What is a(-1)?
-15
Let m(g) = 2*g + 12. Calculate m(-7).
-2
Let l(k) = 2*k**2 + 17*k - 67. What is l(-11)?
-12
Let v(t) = -12*t + 1. Give v(-11).
133
Let v(d) = 6*d + 158. Give v(-28).
-10
Let t(p) = -p**3 - 12*p**2 + 2*p + 7. Calculate t(-12).
-17
Let x(d) = d**3 - 4*d**2 - 4. Determine x(3).
-13
Let c(q) = -6*q**2 - 63*q - 21. What is c(-10)?
9
Let d(o) = o**3 + 9*o**2 + 12*o + 8. Calculate d(-8).
-24
Let u(l) = -l**3 + 13*l**2 + 9*l + 319. Give u(15).
4
Let c(z) = 11*z**3 - z**2 - z + 1. What is c(1)?
10
Let s(o) = 6*o - 2. What is s(6)?
34
Let k(w) = -3*w**2 + 15*w - 34. Determine k(5).
-34
Let a(p) = 2*p + 6. What is a(-7)?
-8
Let w(p) = -3*p + 90. Determine w(17).
39
Let p(t) = t**3 + 15*t**2 + 14*t + 201. Give p(-15).
-9
Let o(x) = -x**2 - 3*x + 6. What is o(-6)?
-12
Let s(p) = -p**3 - 18*p**2 + 16*p - 49. Determine s(-19).
8
Let y(x) = -x**3 - 7*x**2 + 4*x + 7. Give y(-7).
-21
Let k(q) = -q**3 - 9*q**2 - 8*q - 10. What is k(-8)?
-10
Let f(c) = -c**2 - 4*c + 2. Calculate f(-3).
5
Let t(g) = -15*g - 248. Calculate t(-16).
-8
Let f(l) = -6*l + 119. Calculate f(20).
-1
Let c(h) = h**3 - 2*h**2 + 2*h - 2. Determine c(3).
13
Let h(s) = s**3 + 7*s**2 + 4*s + 3. Determine h(-3).
27
Let c(k) = -2*k + 8. What is c(5)?
-2
Let s(x) = -2*x**3 - 52*x**2 + 58*x + 116. Give s(-27).
8
Let n(r) = -r**2 - 36*r - 79. Give n(-34).
-11
Let g(t) = 2*t**3 + 2*t**2 - 2*t. Calculate g(-2).
-4
Let a(f) = -2*f**2 - 15*f - 33. Give a(-7).
-26
Let z(o) = o**3 + 8*o**2 - 2*o - 17. Determine z(-8).
-1
Let h(v) = v**2 + 6*v + 4. What is h(-8)?
20
Let i(a) = -a**3 + 12*a**2 + 4*a - 54. Calculate i(12).
-6
Let m(r) = -r**2 + 8*r - 6. Determine m(6).
6
Let j(r) = r**3 + 10*r**2 - 23*r + 16. Determine j(-12).
4
Let x(z) = 171*z + 340. Calculate x(-2).
-2
Let a(k) = -13*k + 55. What is a(4)?
3
Let r(f) = f**2 - 20*f - 2. Give r(20).
-2
Let t(p) = p**3 - 2*p**2 - 6*p + 2. Calculate t(4).
10
Let z(m) = -m**3 - m**2 - 2*m + 76. Calculate z(0).
76
Let q(l) = -l + 13. Give q(-17).
30
Let w(t) = -t**2 + 10*t + 38. Calculate w(13).
-1
Let p(o) = 4*o**3 - 30*o**2 - 14*o - 26. Give p(8).
-10
Let g(v) = 4*v - 32. Calculate g(6).
-8
Let h(n) = -n**3 - 2*n**2 + 9*n - 6. What is h(-5)?
24
Let v(c) = c**3 + 5*c**2 + 2. Give v(-6).
-34
Let k(p) = -7*p**3 - p**2. Give k(-1).
6
Let o(w) = 2*w**2 - 5*w + 14. What is o(5)?
39
Let g(c) = c**3 + 8*c**2 - 14*c - 12. Calculate g(-9).
33
Let l(o) = -o**3 - 6*o**2 - 8*o + 1. What is l(-6)?
49
Let j(x) = -4*x**3 + 45*x**2 - 14*x + 18. What is j(11)?
-15
Let g(v) = -v**2 - 7*v - 9. Determine g(-7).
-9
Let j(o) = o + 25. Determine j(9).
34
Let p(a) = -a**3 - a**2 + 57. What is p(0)?
57
Let l(f) = 2*f**3 - 14*f**2 - 4*f + 3. Calculate l(7).
-25
Let q(m) = m**2 + 14*m - 17. What is q(-14)?
-17
Let b(x) = x**3 - 14*x**2 + 11*x + 27. Calculate b(13).
1
Let u(m) = 68*m - 403. Give u(6).
5
Let x(k) = k**3 - 14*k**2 - 14*k + 9. Determine x(15).
24
Let m(x) = -x**3 + x**2 + 6*x - 5. Give m(4).
-29
Let t(i) = -9*i + 8. Give t(0).
8
Let s(x) = -2*x + 2. Determine s(0).
2
Let n(a) = -a**2 + 7*a + 3. Calculate n(9).
-15
Let s(j) = 2*j**3 + 2*j**2 + 3*j - 3. Calculate s(2).
27
Let g(y) = -4*y**3 + 3*y**2 + 4*y - 1. Calculate g(-2).
35
Let v(h) = -h**3 - 11*h**2 + 7*h - 40. Determine v(-12).
20
Let d(r) = 12*r - 313. Calculate d(26).
-1
Let t(s) = -3*s + 55. Give t(7).
34
Let z(h) = -h**2 - 7*h. What is z(-5)?
10
Let t(f) = f**2 - 17*f + 10. What is t(14)?
-32
Let r(n) = -6*n - 27. What is r(-5)?
3
Let w(z) = z**3 - 15*z**2 + 12*z + 9. Give w(14).
-19
Let c(h) = 25*h**3 + 4*h**2 - 4. Calculate c(1).
25
Let q(t) = -t**3 - 13*t**2 - 18*t + 35. What is q(-11)?
-9
Let m(f) = -2*f - 8. Determine m(-7).
6
Let w(q) = q**3 - q**2 - q + 1. Calculate w(0).
1
Let q(v) = -80*v + 4. Give q(1).
-76
Let o(p) = -p**3 - p + 4. Give o(0).
4
Let g(w) = w**2 + w - 6. Give g(0).
-6
Let r(o) = o**2 - 10*o + 9. What is r(4)?
-15
Let l(j) = 10*j - 24. Determine l(3).
6
Let a(q) = -q. Calculate a(-4).
4
Let n(b) = -b**3 - 3*b**2 + 13*b + 15. What is n(-5)?
0
Let g(h) = 2*h**2 + 14*h + 15. Determine g(-6).
3
Let y(f) = f**3 - 6*f**2 + 4*f - 1. Determine y(3).
-16
Let i(v) = 14*v - 2. Determine i(3).
40
Let l(t) = 3*t**2 - t. Give l(1).
2
Let k(p) = -p**3 + 22*p**2 + 49*p - 1. What is k(24)?
23
Let w(n) = -8*n + 9. Calculate w(-4).
41
Let q(t) = -2*t - 1. What is q(-4)?
7
Let c(j) = -j**3 - j**2 + 5*j - 7. Calculate c(3).
-28
Let r(q) = -q**3 + 7*q**2 - 4*q - 4. Calculate r(4).
28
Let a(m) = -3*m**2 + m + 3. What is a(4)?
-41
Let k(u) = 78*u + 388. Calculate k(-5).
-2
Let r(j) = 27*j + 111. What is r(-4)?
3
Let k(v) = v**2 + 20*v + 59. Determine k(-16).
-5
Let o(x) = x**2 + 7*x - 1. Give o(-6).
-7
Let t(q) = q**3 - 5*q**2 - 4*q + 8. Give t(6).
20
Let r(l) = -l**3 + 5*l**2 - l - 4. Calculate r(5).
-9
Let a(c) = 8*c - 28. Calculate a(4).
4
Let q(o) = -o**2 - 25*o + 49. What is q(-32)?
-175
Let c(n) = -n**3 + n**2 - n. Give c(1).
-1
Let h(x) = -x + 3. What is h(-17)?
20
Let j(p) = 27*p**2 - 28*p - 27. Determine j(-1).
28
Let u(k) = -k**2 - 8*k - 1. Give u(-3).
14
Let i(r) = -r**2 + 12*r - 31. What is i(8)?
1
Let x(r) = -2*r**2 + 73*r + 120. Determine x(38).
6
Let v(n) = -n**3 + 16*n**2 + 15. Determine v(16).
15
Let p(z) = -z**3 + 7*z**2 + 4. Determine p(7).
4
Let v(n) = n**2 + 2*n - 90. Determine v(9).
9
Let w(x) = -37*x**2 + 6*x + 2. Calculate w(-1).
-41
Let z(b) = b**3 - 33*b**2 + 36*b - 117. Determine z(32).
11
Let d(n) = 6*n**2 - 23*n + 15. Calculate d(3).
0
Let c(k) = -k**2 + 6*k + 7. Give c(8).
-9
Let f(a) = 71*a**2 - 3*a - 2. What is f(-1)?
72
Let d(j) = -13*j - 3. Determine d(-4).
49
Let i(w) = w**2 - 5*w - 11. Calculate i(5).
-11
Let r(u) = 26*u**2 - 1. Determine r(1).
25
Let y(x) = -2*x**3 - 37*x**2 - 23*x - 93. Calculate y(-18).
-3
Let t(b) = b**3 - 2*b**2 - b + 1. What is t(0)?
1
Let o(y) = y**3 + 27*y**2 - 24*y + 980. Calculate o(-29).
-6
Let t(y) = y**3 - 5*y**2 + 6*y - 6. What is t(4)?
2
Let b(v) = 2*v**2 - 3*v - 15. Calculate b(5).
20
Let h(d) = -2*d + 5. Determine h(6).
-7
Let a(x) = x**3 + 22*x**2 - 25*x - 54. Give a(-23).
-8
Let c(v) = v - 3. Determine c(6).
3
Let i(r) = -r**3 - 13*r**2 - 4*r - 2. Calculate i(-13).
50
Let b(h) = -13*h + 27. Calculate b(-7).
118
Let g(u) = -u**2 - u + 7. Calculate g(8).
-65
Let m(u) = -u**3 + 7*u**2 + 9*u - 12. Calculate m(8).
-4
Let x(b) = -4*b**2 + 18*b - 1. Calculate x(4).
7
Let n(m) = m**3 + 3*m**2 - 6*m + 12. Give n(-5).
-8
Let a(u) = 3*u**2 + 35*u + 12. Determine a(-12).
24
Let y(o) = -o**3 - o**2 + 5*o + 5. Calculate y(-4).
33
Let h(o) = 6*o + 21. Give h(-16).
-75
Let q(d) = d**3 + 13*d**2 - 17*d + 29. What is q(-14)?
71
Let o(w) = 5*w**2 + 2*w + 1. Give o(-2).
17
Let a(f) = 10*f**2 + 5*f - 10. Calculate a(2).
40
Let f(q) = -6*q + 176. Give f(27).
14
Let f(x) = x**2 - 3. Give f(-5).
22
Let j(z) = -z**3 - 17*z**2 - 3*z - 15. What is j(-17)?
36
L